. Let j be w/(-3)*(-21)/14. Let z(r) be the second derivative of -r**4/12 - r**3/3 + 7*r**2/2 - 3*r. What is z(j)?
-8
Suppose -3*t + 56 = -22. Let l(u) = 25*u + 0 + 12*u**2 + 1 - t*u. What is l(1)?
12
Let o(t) = -t - 2*t + 7*t. Let i(x) = 5*x - 3. Let a be i(-1). Let j = 9 + a. What is o(j)?
4
Let u(q) = -7*q + 29. Let n(d) = d + 2. Let h(p) = -2*n(p) - u(p). Calculate h(7).
2
Suppose -10*c + 96 - 26 = 0. Let t(j) = j**2 - 5*j - 8. Calculate t(c).
6
Let d(u) = u - 1. Let i(g) = -9*g + 13. Let m(c) = -6*d(c) - i(c). Let z = 66 + -47. Suppose 4*p + 4 = 0, 2*r + 2 = 5*p + z. Determine m(r).
11
Let o(f) = -4*f**2 - 4*f + 7. Let i(y) = 17*y**2 + 14*y - 28. Let p(v) = 3*i(v) + 13*o(v). Determine p(-11).
-4
Let h = 161 - 158. Let y(n) = n**3 - 4*n**2 - 2. Calculate y(h).
-11
Let x(t) be the first derivative of -5*t**2/2 - 16*t + 130. Calculate x(-4).
4
Let i(k) = -6*k + 4*k - 3 - 132*k**2 + 133*k**2. What is i(5)?
12
Suppose 3*h + 4*h = 14. Let y(n) = -2*n**2 + 2*n - 3. What is y(h)?
-7
Suppose 5*s = -2*k - 5, -11*s = -3*k - 9*s + 2. Let u(m) be the third derivative of -m**6/120 - 17*m**3/6 + 2*m**2. Give u(k).
-17
Suppose 80*c + 441 = 17*c. Let u(x) = -x - 1. Let k(s) = -2*s - 3. Let z(o) = -k(o) + 3*u(o). Give z(c).
7
Let u(f) be the first derivative of f**2/2 + 10*f - 79. Give u(-4).
6
Suppose 17*o + 9 + 93 = 0. Let n(v) = -v**3 - 7*v**2 - 6*v - 1. What is n(o)?
-1
Let t(i) be the first derivative of 1/2*i**2 - 4 - 2*i. What is t(6)?
4
Let o(x) = x**3 - 20*x**2 + 53*x - 28. Let c be o(17). Let q(b) = -b**2 + 7*b - 7. Calculate q(c).
-1
Let x = -142 + 142. Let d(p) = -p**3 + 9*p**2 + p - 7. Let j be d(9). Let y(b) = -27 + b - j*b + 12. What is y(x)?
-15
Suppose -11 + 21 = 5*i. Let o(x) = 2*x**2 + 5*x + 1 - 6*x**2 - x**i + 4*x**2. Let u(s) = -s + 3. Let h be u(0). What is o(h)?
7
Let p(i) = -2*i - 8. Let b(f) = -3*f. Let s(g) = b(g) - p(g). What is s(10)?
-2
Let o = -18 - -10. Let w(p) = -3*p + 21. Let m(a) = -9 + 4*a - 2 + 1 - 2*a. Let z(n) = -5*m(n) - 3*w(n). What is z(o)?
-5
Suppose -10*a - 21 = -61. Let t(o) = -o**2 + o - 3. Let p(l) = l + 1. Let w(n) = a*p(n) + t(n). Give w(4).
5
Let f be (-6)/(((-18)/4)/(-3)). Let u(j) = -1046 + 1046 - j + 2*j. Calculate u(f).
-4
Let z(m) = -m**3 + 12*m**2 - 12*m - 9. Let r be z(11). Let s = r + 21. Let a(n) = n**3 - n**2 + 5. Let b(p) = p**2 - 6. Let v(d) = -5*a(d) - 4*b(d). Give v(s).
-5
Let w(d) = 766 + 0*d + d - 747. Determine w(-13).
6
Suppose 0 = -6*c - 92 - 556. Let s = c + 101. Let u(q) be the second derivative of q**4/12 + 4*q**3/3 + q. Determine u(s).
-7
Let j(o) = 5*o**2 + 5*o**2 + 13 + 57*o**3 + o - 111*o**3 + 55*o**3. Determine j(-10).
3
Let m(f) be the second derivative of -f**4/12 + 5*f**3/6 - 5*f**2 - 285*f. Calculate m(8).
-34
Let p = 3 - 1. Let a(m) = 2 + 0*m**2 - m**p - 7 - 8*m + m. Suppose 32*v + 54 = -106. Give a(v).
5
Let o(m) = 3*m + 1. Let f = 209 + -217. What is o(f)?
-23
Let a(v) = -2*v + 1. Let x(p) = -25*p**3 + 1. Let c be x(-1). Suppose -5*k + 3*k = 4*w - c, 0 = k - 4*w + 17. Calculate a(k).
-5
Let b(n) = -n + 2 - 2*n**2 + 6*n**3 + 4*n**2 - 3*n**3. Suppose 0 = 4*p + 8, -5*a - 4*p = 178. Let m = a + 32. Determine b(m).
-12
Let w(x) = 6*x**3 - 10 + 10 - 3*x**2 + 4 + x - 3. Calculate w(1).
5
Let z(u) be the third derivative of -u**6/120 - 7*u**5/60 - u**4/3 - u**3 - u**2 + 9. Let k(v) = -v - 13. Let p = -2 - 6. Let o be k(p). Calculate z(o).
-16
Suppose 0 = 11*i - 8*i. Let n(c) be the third derivative of 1/24*c**4 + 0 + 7/6*c**3 + 0*c - 6*c**2. What is n(i)?
7
Let f(y) = y. Let h(l) = 3*l. Let o(m) = -7*f(m) + 2*h(m). Let q be -20*((-5)/(-4) - 2). Let x = q + -21. Calculate o(x).
6
Let g(v) = 20*v + 11. Let y(u) = 11*u + 6. Let h = 107 + -101. Let f(x) = h*g(x) - 11*y(x). Give f(9).
-9
Let s = -110 + 164. Suppose 9*o = s + 9. Let q(d) be the second derivative of -d**3/6 + 7*d**2/2 - d. What is q(o)?
0
Let c(n) = -n**2 - 12*n + 28. Let o be c(-14). Let y be (o*3/(-6))/(-6). Let f(j) be the second derivative of -j**3/6 + j. What is f(y)?
0
Let t(f) = -2*f**2 - 7*f - 1. Let r be 3/5 + (-36)/120*12. What is t(r)?
2
Let f(i) = -5*i**3 - 29*i**2 + 29*i - 1. Let s(x) = 3*x**3 + 19*x**2 - 19*x + 1. Let m(p) = 5*f(p) + 8*s(p). What is m(6)?
-3
Let b(f) = -f + 8. Let q(u) be the third derivative of u**4/24 - u**3/6 + 5*u**2. Let s be q(4). Suppose s*h - 6*l = -l + 10, 3*l = -4*h + 23. Determine b(h).
3
Let a(c) = c - 6. Suppose -3*d = -3*t + 3, 3*t + d - 13 = 2*d. Let j(o) = o**3 - 6*o**2 + 3*o - 12. Let h be j(t). Calculate a(h).
0
Let x(t) = -5*t**2 - 6*t + 2. Let v(y) = -6*y**2 - 5*y + 4. Let g(u) = 4*v(u) - 5*x(u). Calculate g(-9).
-3
Let g(l) = l**3 + l**2 + l + 1. Let v be g(-1). Let t(f) = -f**3 - 14 + 16 - 8 + f**2. Calculate t(v).
-6
Let p(q) be the third derivative of -q**4/24 + 7*q**3/6 - 5*q**2. Let a(z) = -4*z**2 + 29*z - 3. Let v be a(7). Calculate p(v).
3
Let b(t) = 3*t**2 - 4*t. Let j be (14/(-28))/(3/(-12)). What is b(j)?
4
Suppose -2*v = -v - 5, -5*y - 5 = -2*v. Let d(x) be the first derivative of 5*x**2 - 480. What is d(y)?
10
Let l be 0 - (4 + -6 + -4) - 3. Let o(q) = 8*q**2 + 3*q + 8. Let k(g) = 23*g**2 + 8*g + 23. Let t(h) = 6*k(h) - 17*o(h). What is t(l)?
11
Let r(u) be the first derivative of 1/3*u**3 - 2 + 0*u + u**2 + 1/60*u**5 - 1/6*u**4. Let t(o) be the second derivative of r(o). Determine t(4).
2
Let i(z) = -z**3 + 5*z**2 + 6*z**2 - 6 - 7*z - 16*z**2. What is i(-5)?
29
Let w(f) be the first derivative of -f**2/2 + 3*f + 169. Calculate w(5).
-2
Let i(l) be the first derivative of -3*l**3 - 3*l**2/2 + l - 132. What is i(2)?
-41
Let h(b) be the first derivative of b**3/3 - 5*b**2 + 7*b - 8. What is h(5)?
-18
Suppose 0 = 2*x + 8, 0*x - 4*x = 5*m + 31. Let r(f) = -3*f + 2. Let b(g) = 4*g - 1. Let z(k) = m*b(k) - 2*r(k). Give z(-1).
5
Let i = -39 - -35. Let c(g) = 8*g**3 - 12*g**2 + 15*g + 4. Let u(a) = -3*a**3 + 4*a**2 - 5*a - 1. Let t(b) = i*c(b) - 11*u(b). What is t(-4)?
15
Suppose -5*k + 20 = 5*b, 12 = -b - 0*k + 3*k. Let a(t) be the first derivative of t**2/2 - 9*t + 35. Give a(b).
-9
Let d = -2 + 0. Let k(g) = 98*g**2 + 1 + 3*g + 99*g**2 - 196*g**2. What is k(d)?
-1
Let i(s) = -2*s**2 + s - 31 - 13405*s**3 + 26800*s**3 - 13394*s**3. Give i(0).
-31
Let k = 6 - 15. Let j(r) = 2*r + 1. Calculate j(k).
-17
Let t = -6 - -8. Let s(f) be the second derivative of -f**5/20 + f**2/2 - 363*f. Give s(t).
-7
Let f(d) be the first derivative of 16 + 0*d**2 + 1/3*d**3 + 1/4*d**4 + 11*d. Let m(h) = -h**2 - 3*h + 4. Let z be m(-4). Calculate f(z).
11
Suppose -4*a - 4 = -3*a. Let w be (-282)/(-54) - a/(-18). Suppose -o + 1 = -w. Let h(n) = n**3 - 5*n**2 - 7*n + 6. What is h(o)?
0
Suppose -8*o + 32 = -0*o. Let v(f) = f**2 - 1 - 2*f + 5*f - 11*f + o*f. What is v(4)?
-1
Let o(j) = -2*j**3 + 2*j**2 - 2*j + 3. Suppose 30 = 5*l + 10*l. Determine o(l).
-9
Let r(m) be the third derivative of -m**5/60 - m**4/4 - 5*m**3/6 + 50*m**2. Determine r(-5).
0
Let o(w) = -2*w + 178*w**2 + 1 + w**3 - 183*w**2 + w + 0*w. What is o(5)?
-4
Let b(j) = j**3 + 5*j**2 - 6*j - 7. Let r(z) = z**3 + 6*z**2 + 6*z - 14. Let f be r(-4). Give b(f).
-7
Let z(w) = 4*w**3 - 5*w**2 + 2*w + 2. Let d(h) = -3*h**3 + 4*h**2 - 2*h - 2. Let x(i) = -5*d(i) - 4*z(i). Let y = -405 - -403. Give x(y).
6
Let s(d) be the third derivative of d**5/60 - d**4/12 + d**3/3 + 130*d**2. Determine s(1).
1
Let k(d) = -d**2 - d + 1. Let f(n) = n**2 - 2*n - 3. Let o be 4/10 - (-108)/30. Let m be f(o). Suppose -5 = -0*b + m*b. Give k(b).
1
Let h(c) = c**3 + 0*c**3 + 362 + 8*c - 4*c**2 + 13*c**2 - 364. What is h(-8)?
-2
Let c(d) = 3*d**2 + 4*d. Let a(l) = -16*l**2 - 20*l - 6. Let k(n) = 16*n**2 + 20*n + 5. Let u(z) = 5*a(z) + 6*k(z). Let f(j) = 11*c(j) - 2*u(j). What is f(-5)?
5
Let t be 2*(-174)/68 - 28/(-238). Let k(i) = -2*i - 8. Give k(t).
2
Let o(a) be the second derivative of -a**5/20 + 7*a**4/12 - 4*a**3/3 - 7*a**2/2 - 4*a - 17. Give o(4).
9
Let w be (-90)/(-9) + -9 - (-14)/(-2). Let z(x) = x**3 + 6*x**2 - 2*x - 6. Give z(w).
6
Let c(o) = -17*o + o**2 - 25*o + 17 + 54*o - 7. Let v(w) = 3*w - 2. Let k be v(-3). Calculate c(k).
-1
Let q(t) = 56*t - 7*t**2 + t**3 - 54*t + 0*t**3 + 8. Let a(n) = -9*n - 101. Let y be a(-12). What is q(y)?
22
Let r(l) = -5 + 0 + 15*l - 3 - 193*l**2 + 192*l**2. Determine r(12).
28
Let t(m) = -140 + 281 - 139 